divided by 18?
13
Calculate the remainder when 634 is divided by 139.
78
What is the remainder when 52694 is divided by 303?
275
What is the remainder when 2462991 is divided by 183?
177
Calculate the remainder when 108764 is divided by 706.
40
What is the remainder when 401053 is divided by 7567?
2
Calculate the remainder when 78724 is divided by 235.
234
What is the remainder when 16194 is divided by 1471?
13
What is the remainder when 686 is divided by 214?
44
Calculate the remainder when 23882 is divided by 28.
26
Calculate the remainder when 39225 is divided by 566.
171
What is the remainder when 32595 is divided by 2328?
3
Calculate the remainder when 17360 is divided by 1575.
35
Calculate the remainder when 785 is divided by 18.
11
Calculate the remainder when 12796 is divided by 51.
46
Calculate the remainder when 2756 is divided by 1304.
148
Calculate the remainder when 10263 is divided by 2507.
235
Calculate the remainder when 83923 is divided by 312.
307
What is the remainder when 223720 is divided by 9?
7
What is the remainder when 30864 is divided by 10286?
6
What is the remainder when 127122 is divided by 122?
120
What is the remainder when 1354322 is divided by 175?
172
What is the remainder when 1124 is divided by 1108?
16
What is the remainder when 7620 is divided by 99?
96
What is the remainder when 96840 is divided by 145?
125
What is the remainder when 1552 is divided by 497?
61
Calculate the remainder when 2941 is divided by 2164.
777
Calculate the remainder when 1521 is divided by 1473.
48
Calculate the remainder when 169738 is divided by 29.
1
What is the remainder when 63204 is divided by 143?
141
What is the remainder when 11314 is divided by 1119?
124
Calculate the remainder when 5319 is divided by 178.
157
Calculate the remainder when 21970 is divided by 1052.
930
What is the remainder when 227340 is divided by 902?
36
What is the remainder when 8412 is divided by 1402?
0
What is the remainder when 1407 is divided by 83?
79
Calculate the remainder when 1772 is divided by 214.
60
What is the remainder when 3281 is divided by 1076?
53
What is the remainder when 151969 is divided by 1505?
1469
Calculate the remainder when 3028 is divided by 497.
46
What is the remainder when 5359676 is divided by 857?
855
Calculate the remainder when 31480 is divided by 159.
157
What is the remainder when 19188 is divided by 282?
12
Calculate the remainder when 95970 is divided by 386.
242
What is the remainder when 24281 is divided by 108?
89
What is the remainder when 664195 is divided by 3884?
31
Calculate the remainder when 59090 is divided by 833.
780
What is the remainder when 3507 is divided by 1144?
75
Calculate the remainder when 87 is divided by 17.
2
Calculate the remainder when 1702 is divided by 711.
280
What is the remainder when 5455 is divided by 496?
495
What is the remainder when 3610 is divided by 104?
74
Calculate the remainder when 74831 is divided by 353.
348
Calculate the remainder when 1560 is divided by 976.
584
What is the remainder when 111836 is divided by 413?
326
Calculate the remainder when 8246 is divided by 285.
266
What is the remainder when 22453 is divided by 1736?
1621
Calculate the remainder when 192696 is divided by 115.
71
What is the remainder when 176709 is divided by 43?
22
Calculate the remainder when 7458 is divided by 571.
35
Calculate the remainder when 144040 is divided by 13.
0
What is the remainder when 256984 is divided by 32121?
16
Calculate the remainder when 1413 is divided by 541.
331
What is the remainder when 8592 is divided by 8387?
205
Calculate the remainder when 111140 is divided by 27773.
48
Calculate the remainder when 63454 is divided by 675.
4
What is the remainder when 257197 is divided by 100?
97
Calculate the remainder when 6595 is divided by 98.
29
What is the remainder when 411098 is divided by 381?
380
Calculate the remainder when 267 is divided by 90.
87
Calculate the remainder when 25190 is divided by 764.
742
What is the remainder when 2798 is divided by 570?
518
Calculate the remainder when 45790 is divided by 12.
10
Calculate the remainder when 25058 is divided by 56.
26
What is the remainder when 1482 is divided by 105?
12
What is the remainder when 149801 is divided by 5350?
1
What is the remainder when 18533 is divided by 8?
5
What is the remainder when 367 is divided by 320?
47
Calculate the remainder when 506686 is divided by 24.
22
Calculate the remainder when 14234 is divided by 99.
77
What is the remainder when 2362095 is divided by 19?
15
What is the remainder when 40190 is divided by 228?
62
What is the remainder when 86112 is divided by 368?
0
Calculate the remainder when 119134 is divided by 627.
4
What is the remainder when 17515 is divided by 29?
28
What is the remainder when 149614 is divided by 9974?
4
Calculate the remainder when 2799 is divided by 2745.
54
What is the remainder when 245223 is divided by 1202?
15
Calculate the remainder when 46409 is divided by 35.
34
What is the remainder when 57899 is divided by 131?
128
What is the remainder when 120412 is divided by 3440?
12
Calculate the remainder when 167942 is divided by 22.
16
Calculate the remainder when 2849062 is divided by 204.
202
What is the remainder when 331 is divided by 242?
89
What is the remainder when 12077 is divided by 595?
177
Calculate the remainder when 208159 is divided by 40.
39
What is the remainder when 581 is divided by 223?
135
What is the remainder when 1133900 is divided by 24?
20
Calculate the remainder when 1954 is divided by 13.
4
What is the remainder when 43519 is divided by 1367?
1142
Calculate the remainder when 13003 is divided by 32.
11
What is the remainder when 1317 is divided by 314?
61
Calculate the remainder when 151614 is divided by 15.
9
Calculate the remainder when 415346 is divided by 1251.
14
What is the remainder when 52750 is divided by 42?
40
What is the remainder when 1089 is divided by 135?
9
What is the remainder when 72505 is divided by 15?
10
What is the remainder when 761048 is divided by 31?
29
Calculate the remainder when 15986 is divided by 36.
2
What is the remainder when 934 is divided by 93?
4
What is the remainder when 12626 is divided by 102?
80
Calculate the remainder when 125225 is divided by 327.
311
Calculate the remainder when 198 is divided by 187.
11
Calculate the remainder when 16761 is divided by 125.
11
What is the remainder when 7991 is divided by 63?
53
Calculate the remainder when 154764 is divided by 1720.
1684
What is the remainder when 106692 is divided by 130?
92
What is the remainder when 349276 is divided by 287?
284
What is the remainder when 99949 is divided by 3996?
49
What is the remainder when 8776965 is divided by 753?
750
What is the remainder when 48820 is divided by 12?
4
What is the remainder when 74352 is divided by 88?
80
What is the remainder when 70784 is divided by 10?
4
What is the remainder when 42830 is divided by 41?
26
Calculate the remainder when 70599 is divided by 35280.
39
Calculate the remainder when 1338 is divided by 361.
255
Calculate the remainder when 10438 is divided by 3477.
7
Calculate the remainder when 479 is divided by 416.
63
What is the remainder when 3706 is divided by 13?
1
Calculate the remainder when 19249 is divided by 104.
9
What is the remainder when 74862 is divided by 24947?
21
What is the remainder when 7379 is divided by 824?
787
What is the remainder when 4701 is divided by 4671?
30
Calculate the remainder when 930 is divided by 158.
140
What is the remainder when 1461 is divided by 83?
50
What is the remainder when 1791 is divided by 46?
43
Calculate the remainder when 860969 is divided by 25.
19
What is the remainder when 668 is divided by 271?
126
Calculate the remainder when 72227 is divided by 121.
111
What is the remainder when 5360683 is divided by 419?
416
Calculate the remainder when 2222934 is divided by 459.
456
Calculate the remainder when 1120 is divided by 82.
54
What is the remainder when 696 is divided by 148?
104
Calculate the remainder when 1019908 is divided by 30.
28
What is the remainder when 1245 is divided by 224?
125
Calculate the remainder when 1962 is divided by 806.
350
Calculate the remainder when 13286 is divided by 6636.
14
